8 = -0. Let v = 29 - b. Suppose -30 - v = -2*q. What are the prime factors of q?
2, 5
Let t be (-12928)/(-18) - (3 - (-150)/(-54)). List the prime factors of t/5 + (-6)/(-15).
2, 3
Let u(d) = d - 4 - 2*d + 2*d**2 + 0*d. Let y be 10*(36/8 - 4). What are the prime factors of u(y)?
41
Let j(v) = v**2. Let a(x) = -4*x**2 - 5*x - 9. Let u(z) = -a(z) - 5*j(z). Let t be u(6). List the prime factors of (-3)/t + (22 - 3).
2, 3
Let u = -10 + 15. Suppose 0 = -s + 2 - 0, 4*w = u*s - 2. Suppose q = w*q - 49. List the prime factors of q.
7
Suppose s = 3*x + 296, -3*s + 3*x + 1148 = s. List the prime factors of s.
2, 71
List the prime factors of (0 - 6)/(2 - (-1044)/(-519)).
3, 173
What are the prime factors of (-4847)/(-2) - (-5)/(-15 - -5)?
2423
Suppose -w + 3*w - 184 = 0. List the prime factors of (6/(-4))/((-2)/w).
3, 23
Let g = 651 + -645. Let r(z) = z + 2. Let j be r(-1). List the prime factors of (j - g*-2) + -3.
2, 5
Let x(n) = -n**3 + n + 73. Suppose -4*b = -9*b. What are the prime factors of x(b)?
73
Suppose -4*d + 16 - 4 = 0, 34 = 2*o + 4*d. Let y(a) = -4*a**3 + 3*a**3 - 4 + 0*a**2 + o*a**2 - 9*a. List the prime factors of y(9).
7, 11
Let b be 0 + (-1)/((-2)/4). Suppose -b*r + 10 = 2. Suppose 2*p = -r*m + 66, -79 = -3*p - 2*m + m. What are the prime factors of p?
5
Suppose -4*f = -2*j + 12, 2*f = 2*j + 4*f. Suppose 0 = j*q + 2*q - 20. What are the prime factors of 4/(-3)*(-120)/q?
2
Suppose -8 = 3*z + 28. Let j(b) = 3*b + 13. Let w be j(z). Let m = w - -33. What are the prime factors of m?
2, 5
Let f(r) = r + 1. Let p = 37 - 36. Let n be f(p). Suppose 4*y - 101 = d, 5*y + n*d - 129 = -19. List the prime factors of y.
2, 3
Suppose 0 = -2*z + 239*f - 243*f + 11192, -3*z - f + 16778 = 0. What are the prime factors of z?
2, 3, 233
Let p(x) = -3*x**2 - 50*x + 22. Let q be p(-17). Suppose 0 = -b - q*t + 177, -2*b - 3*b = -2*t - 993. List the prime factors of b.
197
Suppose 41 = -15*s + 2666. List the prime factors of s.
5, 7
Let y = 1225 - -2933. What are the prime factors of y?
2, 3, 7, 11
Let f = 1361 + 1647. What are the prime factors of f?
2, 47
Let n be 17 - (-2)/(6/3). Suppose n = 4*m - 2. List the prime factors of m.
5
Let h = 3057 - 1724. List the prime factors of h.
31, 43
Let s = -27 + 45. Suppose -3*w + s = 3. Suppose -w*x + o = -90, 8*x + 4*o - 115 = 3*x. List the prime factors of x.
19
Suppose 0 = 3*k - 3, 11321 = 5*j - 4*k - 12580. List the prime factors of j.
7, 683
Suppose 0 = 8*f + 2848 + 1840. Let b = -340 - f. What are the prime factors of b?
2, 3, 41
Let v be 18/(-45) + 903/(-5). Let z = -95 - v. List the prime factors of z.
2, 43
Let t = -816 + 1707. What are the prime factors of t?
3, 11
Let k = -87 + 98. Suppose 0 = k*p - 15*p + 640. What are the prime factors of p?
2, 5
Suppose -i - 10 = -3*i. Let s(u) = 1 - 8 - u + i + 4*u. List the prime factors of s(3).
7
Let i(u) = 125*u + 234. What are the prime factors of i(22)?
2, 373
Let u(k) = -36*k - 10. Let l be ((-2)/4)/((-8)/(-64)). List the prime factors of u(l).
2, 67
Suppose -4*j - 9165 = -4*w + 5603, -w + 3684 = -3*j. What are the prime factors of w?
2, 3, 7, 11
Let j = -90 - -133. Suppose -2*h + j = -125. What are the prime factors of h?
2, 3, 7
Let f(a) = 2*a**3 - 9*a + 9. Let c be f(2). Suppose -529 = -c*b + 1046. What are the prime factors of b?
3, 5
Suppose 5*z = -5*r + 2*r - 34, -z + 7 = -4*r. Let x(h) = -51*h + 4. List the prime factors of x(z).
7, 37
Let d = 29 - 22. Suppose -3*x = -d*x + 348. List the prime factors of 2*(4 + x/6).
37
Let k = -317 + 370. What are the prime factors of k?
53
Suppose 18 - 54 = -3*v. Suppose 2*l + 3*t - 101 = 2, 0 = 4*t - v. List the prime factors of l.
47
Suppose -2*y - 3*q = -880, -880 = -2*y - 7*q + 3*q. What are the prime factors of y?
2, 5, 11
Let m(v) = -3*v**3 - 6*v**2 - 7*v - 6. Let j(x) = x - 11. Let f be j(7). What are the prime factors of m(f)?
2, 59
Let h be 3/(-2)*(-24)/(-18). Let t be -3 + (h + -1)/(-3). List the prime factors of t/(-12) + (-573)/(-18).
2
What are the prime factors of 7/(-28)*-1388 - 0/1?
347
Let g = -28 + 33. Suppose 2*j - 14 = -5*f, -g*j + f + 16 = 4*f. List the prime factors of -4*((-49)/4 - j).
3, 19
Suppose 3*c - c = 6. Suppose 2*f - 13 = -5*b + 321, c*b + 5*f = 189. What are the prime factors of b?
2, 17
Let r = -1546 - -2364. What are the prime factors of r?
2, 409
Let d(j) = 3*j**3 - 8*j**2 - 9*j + 1. Let c(t) = 2*t**3 - 7*t**2 - 8*t + 1. Let w(k) = 4*c(k) - 3*d(k). What are the prime factors of w(-5)?
3, 17
Let n(r) = -r**2 + 6*r + 9. Let y be n(9). What are the prime factors of y*(-1)/((-6)/(-15))?
3, 5
Let k(z) = -2*z**2 + 9*z + 5. Let x be k(5). Let c(t) = -t**2 - t + 152. What are the prime factors of c(x)?
2, 19
Let k = -15 - -15. Suppose -4*t + 5*f + 62 = -78, k = -2*f. List the prime factors of t.
5, 7
Let j(v) = 6 - 6*v + 1 + 26*v. Let f = -97 + 100. What are the prime factors of j(f)?
67
Suppose 11*p - 606 - 175 = 0. Suppose -127 = -3*f + p. What are the prime factors of f?
2, 3, 11
Let r = -203 - -550. List the prime factors of r.
347
Let p(r) = 92*r**3 - 3*r**2 + 3*r - 1. Let n be p(1). Suppose -390 = -4*i - 4*q - q, -i = -2*q - n. List the prime factors of i.
5, 19
Let a be 5 + -9 + (-16)/(-2). Suppose 13 + 8 = -q - 5*j, 5*q - a*j = 40. What are the prime factors of q?
2
Let l be (10/10)/((-1)/(-558)). Let h = l - 306. List the prime factors of ((-2)/3)/((-8)/h).
3, 7
Suppose 228 = 4*d + p, -4*p = 4*d - 6*p - 240. What are the prime factors of (d/6)/(-4*6/(-360))?
5, 29
Let z(q) be the third derivative of -q**6/120 - q**5/4 - 17*q**4/24 - 7*q**3/3 + 5*q**2 + 17*q. Suppose 4*x - 26 + 82 = 0. What are the prime factors of z(x)?
2, 7
Suppose 0 = -5*p + 3*h + 25, -p = -h - 4 - 3. Let t = 20 - 18. Let w = t + p. What are the prime factors of w?
2
Let g(r) = -r**2 - 16*r + 6. Let a be (-12)/2 + (-15)/15. What are the prime factors of g(a)?
3, 23
Suppose -4*r + 3 = 11, 2*s = 5*r + 262. Let b = s + -81. Let m = b + -24. List the prime factors of m.
3, 7
Let w(s) = 22*s**3 + 3*s**2 - 6*s + 3. Let t(h) = -3*h**3 - 2*h**2 + 1. Let l be t(-1). What are the prime factors of w(l)?
179
List the prime factors of ((-330)/4)/(-8 + (-319)/(-44)).
2, 5, 11
List the prime factors of 310/((-1)/(-1) - 4/12).
3, 5, 31
Let f = -13 + 10. Let b(z) = -3*z**2 - 3*z + 2. Let k be b(f). What are the prime factors of ((-20)/k)/((-1)/(-36))?
3, 5
Let p(u) = u**3 + 5*u**2 - 6*u. Let o be p(-6). Suppose 3*b - b = o. Suppose b = -s - 0*s + 15. What are the prime factors of s?
3, 5
Let z(m) = 13*m**2 - m. Suppose 3 = -g + 2*g, 2 = -4*n + 2*g. Let y be z(n). List the prime factors of (8/y)/((-4)/(-138)).
23
Let z = 101 + -3. Suppose -4*a + z = g + g, 2*a + 61 = g. What are the prime factors of g?
5, 11
Suppose -607 = -3*k - c, -k - 1009 = -6*k - 3*c. List the prime factors of k.
7, 29
Let n = -11 + 5. Let u be 28/n*(-36)/(-6). List the prime factors of (-798)/u*4/6.
19
Let m = 24 - 15. Suppose m*v - 2048 + 113 = 0. List the prime factors of v.
5, 43
Suppose -3*z = 6 + 6. Let r(d) = -17*d - 2. List the prime factors of r(z).
2, 3, 11
What are the prime factors of (206 + 23)/(1/1)?
229
Let h(o) = o**2 + 4. Let u(l) = l**2 - 3*l - 4. Let c be u(5). Suppose 4*f = 2*f - c. What are the prime factors of h(f)?
13
Let t(o) = 146*o**3 - 3*o**2 + 3 + 0 - o - 5*o**2 + 7*o**2. What are the prime factors of t(1)?
3, 7
Let i(n) = n**2 + 2*n - 12. Let m be i(-5). Suppose -f = f + 4, 2*p - m*f = 4. What are the prime factors of 22 + p + 20/(-10)?
19
Let l = -1378 + 3020. What are the prime factors of l?
2, 821
Let q(o) = -o**3 - 2*o**2 - 30*o - 153. List the prime factors of q(-11).
2, 3, 211
What are the prime factors of (-600162)/(-552) - (6/(-8) + 1)?
1087
Let k = 7 - 2. Suppose k*n + 0*q - 78 = -4*q, -q + 72 = 5*n. Suppose n = 2*u - s, 0 = 2*u + 4*s - 16 + 2. List the prime factors of u.
7
Suppose -2*f + r = -477, 5*f - 8*r - 1230 = -13*r. What are the prime factors of f?
241
Let h = 25 + -37. List the prime factors of h/4 + 78 + 1.
2, 19
Let b(v) = -5*v + 2 + 8*v - 2*v. Let q(l) = l + 6. Let d be q(-6). What are the prime factors of b(d)?
2
Suppose -12*a = -0*a + 144. Let h(v) = -v**2 + 2*v**2 + 0*v**2 - 14*v - 2*v**2 - 17. List the prime factors of h(a).
7
Let d = 90 + 975. List the prime factors of d.
3, 5, 71
Suppose 2*d + 4*x = 4,